h - 2. Determine y(v).
-5
Let g = 2149/3 - 716. Let o(t) be the first derivative of -g*t**3 + 1/2*t**2 + 2*t - 1/4*t**4 + 1. Give o(2).
-8
Suppose 2*y = -3*y + 45. Let z = y - 4. Let o(a) = a**2 - 4*a. Give o(z).
5
Let b(d) = -d**3 - 4*d**2 + 5*d - 7. Suppose 4*n + 24 = 2*y, -2*n + 3 = 4*y + 5. Give b(n).
-7
Let l(c) = c + 2. Let d(r) = 4*r + 3. Let w(p) = -d(p) + 3*l(p). Calculate w(4).
-1
Let m(s) = 2*s - 4. Let l(h) = -1. Let d(y) = -5*l(y) - m(y). Suppose 15 + 45 = 2*t. Suppose -4*o + 2 = -t. Calculate d(o).
-7
Let m(q) = 9*q**2 - 3*q - 3. Let c be m(-1). Let x(j) = j**3 + 3*j - 11*j + 4 - 8*j**2 - 5 - j. Calculate x(c).
-1
Suppose 2*n + 0*u = 5*u + 4, 3*n + 5*u = 6. Let b(m) = m + 1. Calculate b(n).
3
Let n(y) = -9*y**2 - 8*y + 10. Let c(m) = -13*m**2 - 9*m + 12. Let o(g) = 2*c(g) - 3*n(g). Let u be -3*(14/(-3))/(-2). Calculate o(u).
1
Suppose 83*w = 96*w - 78. Let h be (-2 - -1)*(-2 + 0). Let g(k) = k**h - 5*k + k - 7 + 0*k**2. Calculate g(w).
5
Let s(l) = -2*l - 2. Let p(d) = -4*d - 5. Let r(m) = -2*p(m) + 5*s(m). Suppose 3*i + 2 + 1 = 0. Let n(w) = -3*w + 2. Let k be n(i). Calculate r(k).
-10
Let m(p) = 93 - 24 + 2*p - 39 - 9. What is m(-10)?
1
Let f(b) be the second derivative of b**4/3 + b**3/2 - b**2/2 - 543*b. Give f(1).
6
Let m(r) = -5*r**3 - 3*r**2 - 6. Let l(b) = 0*b**2 - 9*b**3 + 0*b**3 + b - 3*b**2 + 5*b**3 - 5. Let d(u) = -4*l(u) + 3*m(u). Give d(2).
14
Suppose 2*m = 4*a + 16, 5*a - 4*m = -9 - 14. Let s be a/(-2)*10/3. Let b(g) = -1 - 3*g + s - g. Determine b(3).
-8
Suppose 61 = -6*w + 55. Let k = 6 + -4. Let p(u) = u**k - 4*u**2 + 2*u**2. Give p(w).
-1
Let v be 24/3 + (1 - 15). Let z(u) be the third derivative of u**5/60 + u**4/4 - u**3/6 - 2*u**2. Calculate z(v).
-1
Let y(b) = 2*b**2 + 6*b - 7. Let g(h) = 23*h + 63. Let z be g(-3). Give y(z).
29
Let g(j) be the second derivative of -j**4/12 - 5*j**3/6 + 2*j**2 - 4*j - 2. Calculate g(-4).
8
Let w(c) be the third derivative of c**4/24 + 2*c**3/3 - 383*c**2. Suppose -2*q - 3*q - 25 = 0. Calculate w(q).
-1
Let q(x) = x - 2. Suppose 18*v - 12*v = 0. Give q(v).
-2
Let k(g) = -g - 19. Suppose -5*q + 12 = -4*y, y = q - 5*q - 3. Determine k(q).
-19
Let s be 2 + -1 - (-2)/2. Let j(t) = t**2 + t - 10. Let l be j(3). Let i(n) = -23*n**3 - 2 - 2*n + 3 - 21*n**3 + 43*n**3 + 2*n**l. What is i(s)?
-3
Let z(q) = -q**3 + 9*q**2 + 10*q - 11. Let r be 8 + -5 + 6 + 0 + 1. Give z(r).
-11
Let u(v) be the first derivative of -2*v**3/3 + v**2 - v + 21. Let t(a) = a**2 + 26*a + 23. Let h be t(-25). What is u(h)?
-13
Let s(q) = q**3 + q - 1. Let g be (-39)/26 - (-6)/4. Suppose g = 4*b + b. What is s(b)?
-1
Let l(z) be the second derivative of -z**6/360 + 7*z**5/120 - 7*z**4/24 - 49*z**3/6 - 10*z + 1. Let j(v) be the second derivative of l(v). Determine j(5).
3
Let l(n) = 5*n**3 + n**2 - 4*n + 14. Let k(y) = y**3 + 3. Let q(b) = -4*k(b) + l(b). What is q(2)?
6
Suppose -n - 3*n = 3*s - 3, 0 = -s - 5*n + 1. Let a(g) = -9*g**2 + 5*g - 2. What is a(s)?
-6
Let b = -1210 - -2423/2. Let z(n) be the second derivative of 2/3*n**3 + b*n**2 + 0 + 6*n. What is z(3)?
15
Suppose 40 = -7*f - 2. Let c(h) = -h**2 - 9*h + 10. Let p(j) = -1. Let o(i) = f*p(i) - c(i). What is o(-7)?
-18
Let g(l) = -9 - 26*l + 5 - 2*l**2 + 47*l - 26*l. Determine g(-2).
-2
Let t(b) = -2*b**2 - b - 1. Let p(m) = 5*m**2 + 3*m + 3. Let h(y) = -2*p(y) - 7*t(y). Suppose -5*q + 7 = -0*q + 3*z, 4*q - 8 = -3*z. What is h(q)?
4
Let d(r) = 4*r**3 - 290*r + 14*r**2 - 6 + 278*r - 5*r**3. Determine d(13).
7
Let s(m) = -4*m**3 - 10*m**2 - m + 12. Let r(g) = -g**3 - g**2 + g + 1. Let x(p) = -5*r(p) + s(p). Let h = -1 + 7. Give x(h).
7
Let v(f) = 3*f + 0*f**2 + 7*f**2 - 2*f. Suppose -9*p = -21 - 6. Suppose -2 = -4*s + p*n + 2, s - 1 = -5*n. Give v(s).
8
Let d(w) be the second derivative of w**5/20 - 5*w**4/6 - 2*w**3 + 8*w**2 + w + 113. Calculate d(11).
5
Let r = 5 + -12. Let n(j) = 9*j**3 - 4*j**2 + 12*j + 6. Let y(x) = 16*x**3 - 5*x**2 + 23*x + 11. Let c(g) = -7*n(g) + 4*y(g). Calculate c(r).
-5
Let z(p) = -p**2 + 3. Let x(v) = v**3 + 7*v**2 + 5*v - 9. Let a(w) = x(w) + 4*z(w). Determine a(-2).
-3
Let h(k) = 51*k + 345. Let t be h(-7). Let s(b) = b**3 + 12*b**2 + 1. Calculate s(t).
1
Suppose -4*w = -w + 18. Let d(r) be the second derivative of r**5/20 + r**4/2 - r**3/3 - 3*r**2 - r. Calculate d(w).
6
Suppose 284 - 56 = -6*a. Let g = -30 - a. Let q(t) = -t**3 + 8*t**2 - 3. Give q(g).
-3
Let n(t) = -4*t**2 + 18*t - 3. Let o(p) = -3*p**2 + 12*p - 2. Let d(f) = 5*n(f) - 7*o(f). What is d(-5)?
-6
Let m(n) = 5079*n - 2538*n - 2542*n - 25. Give m(-15).
-10
Let n(y) = y**3 + 7*y**2 + 6*y - 6. Suppose 2*r + i = 136 + 202, -3*i + 6 = 0. Let c be (-6)/(-27) + r/(-27). What is n(c)?
-6
Let k(g) = g + 1. Let x(p) = 4*p**2 + 10*p + 4. Let j(i) = -i**2 + i - 1. Let f(y) = -5*j(y) - x(y). Let d(b) = f(b) + 6*k(b). Calculate d(7).
-7
Let y = 50 + -48. Let f(u) = -y - u**2 - 5 + 14 + u - 4. Give f(3).
-3
Let q(l) = -l**3 + 12*l**2 - 11*l + 3. Let k(z) = -48*z - 37. Let a be k(-1). Determine q(a).
3
Let h = -15 + 11. Let k = h - -45. Suppose 4*r - 2*a = -18, 3*r + 0*a = -4*a - k. Let g(t) = -t - 12. Determine g(r).
-5
Let s(y) be the third derivative of -y**5/60 + y**3/2 + y**2. Let z(a) = -a**2 + 18*a + 491. Let g be z(-15). Give s(g).
-13
Let v(w) = w - 73 + 0*w + w + 70. What is v(6)?
9
Let p(b) be the second derivative of b**3 + 7*b**2/2 - 2*b - 7. What is p(-5)?
-23
Let i(v) = -v**2 + v + 18. Let m = 36 - 21. Let d = -15 + m. Give i(d).
18
Let f be (-25)/(-150) + 46/12 + 1. Let i(v) = v**3 - 3*v**2 - 7*v. Calculate i(f).
15
Let w(a) = 5*a**2 - 15*a - 3. Let j(p) = p**2 - 2*p - 1. Let d(m) = 6*j(m) - w(m). What is d(-4)?
1
Let t(n) = 3*n - 6 + 48 - 2*n - 60. Determine t(8).
-10
Suppose -4*r - 42 = -50. Suppose -19 = -2*j - r*b - b, 3*j + 2*b - 31 = 0. Let a(s) = s**2 - 12*s + 4. Calculate a(j).
-7
Let s(m) = -m**3 - 7*m**2 + 8*m + 13. Suppose 4*d + 40 = -3*w, 4*w = -4*d - 76 + 28. Calculate s(w).
13
Let r(q) = q**2 - 14*q + 27. Let s be r(2). Let d(w) = -2*w + 0*w + 0 - 2. Calculate d(s).
-8
Suppose v = 2 + 1. Let h = v + -1. Let a(t) = t**2 + 2 + 2*t**2 - 2*t**h + 2 + 2*t. Determine a(-3).
7
Suppose 0 = -c + 4*s - s - 1, -2*s + 6 = 0. Let j = 10 - c. Suppose -j*v - 1 - 11 = 0. Let w(f) = -2*f - 6. Calculate w(v).
6
Suppose 7*l - 3*l = 16. Suppose 2*t + 8 = l*p, -4*t = -5*t + 4. Let f(u) = u - 6. Calculate f(p).
-2
Let a(k) = 16*k - 17*k - 4 + 13. Let u be a(5). Let f(o) = 7*o + o - 3*o - u*o. Calculate f(0).
0
Let x(c) = 6*c**2 - 4*c**2 - 27*c - 1 + 25*c. What is x(-1)?
3
Suppose 3*p = c + 4*c + 44, -3*c - 12 = -p. Suppose -p - 15 = -3*b. Let d = 7 - b. Let l(y) = -y**2 - 6*y + 1. Determine l(d).
9
Suppose i = -j - 2, -j = j - 4*i + 22. Let w(t) be the first derivative of -t**2/2 - 4*t + 1. Determine w(j).
1
Let j(n) = -3*n + 1. Suppose 0 = -5*c + 64 + 16. Suppose -x + c = -4*q, -5*q - 4*x - 35 = -9*x. What is j(q)?
10
Let p = -309 + 317. Let g(s) = -2*s**2 + 14*s + 16. Give g(p).
0
Let w(k) be the third derivative of -k**5/12 - k**4/6 + 4*k**3/3 + 26*k**2. Let n(a) = -4*a**2 - 5*a + 8. Let o(v) = -6*n(v) + 5*w(v). Determine o(7).
13
Suppose 4*h - 8 = 4. Let m(y) = -2*y + y + h - 3*y + 2*y. What is m(-3)?
9
Let h be -3*(-4)/(-6) - -3. Let d(u) = 3*u - u + h - 1. Let f(y) = -2*y - 12. Let c be f(-8). Calculate d(c).
8
Let c(x) = 16*x**2 - 4*x - 7. Let a(i) = 264 - 266 + 7*i**2 - i - 2*i**2. Let k(g) = -7*a(g) + 2*c(g). Let y be 1 - ((0 - -1) + 1). Calculate k(y).
-2
Let s(w) = 6 + w + 6 + 0*w. Let p be (3/2)/(12/(-48)). Let m(o) = o + 1. Let h be m(p). Determine s(h).
7
Let l(t) = 7*t - 123*t**2 + 59*t**2 + 63*t**2. Calculate l(5).
10
Suppose 0 = -0*s - 5*s + 15. Let o = 83 + -67. Let f(t) = -1 - t + 16 - o. Calculate f(s).
-4
Let m = 1221 + -1223. Let g(f) = f**2 + 0 + f + 3*f + 3. Determine g(m).
-1
Let g(h) be the second derivative of -h**4/12 - 7*h**3/6 + h**2 + 340*h. Calculate g(-6).
8
Let y(d) = -d**2 + 6*d - 5. Let l be (-6)/(-2 - 1/(-1)). What is y(l)?
-5
Let p be 2*(2 - (0 + 1)). Let r(b) = 11*b + 8 - 5*b**p - b - 4*b**2 - 13*b**3 + 12*b**3. Calculate r(-10).
8
Let t(o) = -3*o - o**3 + 26 + 22 + 2*o**2 - 52 - 8*o + 5*o**2. Calculate t(5).
-9
Let b(v) be the third derivative of v**4/24 - 1122*v**2. Let i = -2 - -1. Let z = -4 - i. Calculate b(z).
-3
Let 